 f(-3). List the prime factors of p(o).
3
Suppose -104121 = -16*i + 210743. What are the prime factors of i?
11, 1789
Let u be ((-3)/9)/(-1 - 20/(-21)). Suppose -5*n + u = 2*x, x = -4*n + 1 + 1. What are the prime factors of ((6/(-4))/3)/(x/(-336))?
2, 7
Let l be 24/(-10)*65/(-52). What are the prime factors of (-125 + (l - -4))*(-14)/4?
7, 59
Suppose 0 = -4*u - 98 + 14. Let j = 24 + u. Suppose 12*t = 13*t - j. List the prime factors of t.
3
Let o = 13601 + -3422. List the prime factors of o.
3, 13, 29
Let l(h) = 24*h. Let z be 3/24 - 69/(-24). Let p be l(z). What are the prime factors of 20/(-8)*p/(-15)?
2, 3
Suppose -12*i = -61743 + 10563. Suppose 13*q - 18*q + i = 0. What are the prime factors of q?
853
Let p(g) = -2996*g - 380. What are the prime factors of p(-2)?
2, 23, 61
Suppose 0 = 2*c + 4*a - 15128, -a - 15775 = -4*c + 14517. List the prime factors of c.
2, 3, 631
Let v(p) = -2*p**3 - 7*p**2 + 13*p - 15. Let q be v(-7). Let a = q + -227. What are the prime factors of a?
2, 5
Suppose 2*d - 5*d + 262 = 4*a, 2*a - 138 = -5*d. Let b = a - 81. Let h(c) = -c**3 - 16*c**2 + 13*c - 16. List the prime factors of h(b).
2, 13
Let t = 10 + -3. Let h(y) = -12 - y**2 + 3 - 3*y + t*y + 8*y. What are the prime factors of h(8)?
23
What are the prime factors of 4 - 3/(((-33)/(-665357))/((-4)/14))?
2, 3, 43, 67
Let v be (-10)/6*((-48)/5)/4. Suppose -4*x - 3*c = -5328, v*x - 2*c - 5336 = -3*c. What are the prime factors of x?
3, 5, 89
Let b be ((-344)/40)/((-4)/260). Suppose -1022 = -4*f + 5*i, 2*i - 196 = -3*f + b. What are the prime factors of f?
11, 23
List the prime factors of (-872)/(-144)*9*162.
3, 109
Let t = -57 - -60. Suppose 4*g + a = 6*a + 311, -t*a = -5*g + 379. List the prime factors of g.
2, 37
Let q(i) = 4*i**3 - 28*i**2 + 12*i - 9. Let s be q(11). Let a = -1182 + s. List the prime factors of a.
877
Suppose -102 = -t - 2*t. Let h(x) = -x**3 - 11*x**2 - 2*x - 5. Let f be h(-8). Let g = t - f. List the prime factors of g.
5, 43
Suppose -47*h - 2073630 = -242*h. List the prime factors of h.
2, 13, 409
Let g be -1 + (-4)/2*1. Let j = -27 + g. List the prime factors of 149 + (12/j)/((-4)/30).
2, 19
Let p(d) = 9 - 10*d - 8*d + 0*d. Let a be p(4). Let z = -40 - a. List the prime factors of z.
23
Suppose 449*l - 454*l + 24075 = 0. List the prime factors of l.
3, 5, 107
Let d(x) = -x**2 + 22*x + 4. Let o be d(16). Suppose -32*n = -37*n - o. Let b = 105 + n. List the prime factors of b.
5, 17
Let g = -2873 + 12096. What are the prime factors of g?
23, 401
Let d(i) be the first derivative of i**2 + 3*i + 8. Let m be d(1). Suppose -3*g + r - 2*r = -210, r - 350 = -m*g. List the prime factors of g.
2, 5, 7
Suppose 2*z + 0*z - 5*q = 29515, -6*z - 4*q + 88602 = 0. What are the prime factors of z?
5, 2953
Let t(x) = 2*x**2 - 53*x - 999. List the prime factors of t(63).
2, 3, 5
Suppose 247176 = -5578*f + 5602*f. What are the prime factors of f?
3, 3433
Let t be (-34)/((-304)/1287 - 24/(-108)). Suppose -3*n + t = 10*n. What are the prime factors of n?
11, 17
Let b(l) = 5*l**2 + 4*l + 6. Let k be b(-18). Suppose 10*a + k = -1116. Let q = a + 424. What are the prime factors of q?
157
Suppose -21 - 5 = -o. Let t be o/(-143) - 202/(-22). Suppose -t*v + 4*v = -405. List the prime factors of v.
3
Suppose -r + 273 = 3*m - 310, 3*m + 589 = r. Suppose -4*w + y = -218 - 559, 4*y + r = 3*w. List the prime factors of w.
2, 97
Suppose 0 = -2*y - 5*a + 3*a + 144, 5*y - 2*a - 353 = 0. Suppose 5*x - y - 49 = 0. What are the prime factors of x?
2, 3
Let k(t) = -t**3 + 31*t**2 - 50*t - 69. Let m = -94 + 123. What are the prime factors of k(m)?
163
Suppose -3*b = -2*u - 32302, -4*u + 1406 + 9352 = b. What are the prime factors of b?
2, 7, 769
Suppose -75296 = -5*k + 7*u - 8*u, -k - 3*u + 15062 = 0. What are the prime factors of k?
11, 37
Suppose 13230 = 92*s - 29734. List the prime factors of s.
467
Suppose -304*y + 483*y - 1055563 = 0. List the prime factors of y.
5897
Let f be (-2 - 12/(-9))*6. List the prime factors of (36/27)/(f/(-1608)).
2, 67
Suppose -21*y = 27*y - 13*y - 1413300. List the prime factors of y.
2, 3, 5, 673
Let i(h) = 2*h**2 + 0 + h + 0*h - 2 + 8 - 9. Let x(w) = -w**3 - 7*w**2 + w + 10. Let c be x(-7). What are the prime factors of i(c)?
2, 3
List the prime factors of (-72)/(-180) + ((-50566)/(-10) - 4).
31, 163
Let g(d) = -d**2 - 14*d + 7. Suppose -q - 2*v - 10 = 12, 3*q + 86 = -2*v. Let f = q - -25. List the prime factors of g(f).
2, 7
Let n = 25734 + 6081. What are the prime factors of n?
3, 5, 7, 101
Let n be 98 + (0 + -1 - 3). Suppose n + 666 = 5*w. Suppose 56*k + w = 58*k. List the prime factors of k.
2, 19
Suppose -2*k = -3*y + 26, 0 = -2*y - 2*k + 6*k + 4. Suppose y*l = -128 + 356. List the prime factors of l.
19
Let z be 104/(-234) - 170/(-18). What are the prime factors of (-3212)/(-3) + 12/z?
2, 67
Let c(x) = -18*x**2 + 10*x + 2 + 6*x + 16*x**2 - 6*x. Let g be c(5). List the prime factors of (-12 - -9)/(1 - g).
3
What are the prime factors of 14*8/16 + -4 - (-28080 + -6)?
3, 3121
Suppose -4*g + 15 = 3*h, -g - 2 = 1. Let r be ((-42)/h)/((-3)/54*1). Suppose 18 = 3*w - r. List the prime factors of w.
2, 17
Let d = -22 - -42. Let z = -46 + d. Let w = z + 84. List the prime factors of w.
2, 29
Let f be 115/15 + -9 + (-604)/(-3). What are the prime factors of (5520/f)/(2 - 16/10)?
3, 23
Let s(g) = -909*g**3 - g**2 + 4*g + 4. Let m be s(-1). Suppose 3*k - 955 = m. Suppose -75*o + 72*o = -k. What are the prime factors of o?
3, 23
Let d = 601 + -601. Let r(k) = 2*k + 9. Let l be r(-7). What are the prime factors of 1/(1 - d) - (-153 + l)?
3, 53
Suppose -6483 = -4*v - 3*n + 7982, -n - 7245 = -2*v. What are the prime factors of v?
2, 5, 181
Suppose 4*c + 2*h - 6720 = 0, 3360 = 2*c + 40*h - 38*h. Let a = -1119 + c. List the prime factors of a.
3, 11, 17
Let l(i) be the second derivative of i**4/2 - 7*i**3/2 - 3*i**2 + 130*i. What are the prime factors of l(-5)?
3, 83
Let l(s) = 330*s**2 + 338*s + 1387. What are the prime factors of l(-4)?
5, 1063
Let w be (-1)/((2/(-8))/(2/4)). Suppose b = w*b - 9. Suppose -b*d = -4*d - 10. What are the prime factors of d?
2
Let q be (-85966)/(-4) - 3*2/(-12). Suppose 58*h = 22*h + q. What are the prime factors of h?
3, 199
Suppose -171596 = -4*y + 4*i, -61*i = -2*y - 60*i + 85795. List the prime factors of y.
2, 7, 383
Let o(r) = -37*r**2 + 58*r - 2. Let c(k) = -38*k**2 + 62*k - 1. Let v(g) = 2*c(g) - 3*o(g). What are the prime factors of v(-6)?
2, 17, 23
Let i(m) be the second derivative of 2/3*m**3 + 0 + 1/10*m**5 + 5/12*m**4 + 21*m - 3*m**2. What are the prime factors of i(4)?
2, 109
Let z = 40 - 28. Suppose 5*d - 4 = -39. List the prime factors of z/21 + (-696)/d.
2, 5
Let b = 933 - 137. Let i = b - 351. What are the prime factors of i?
5, 89
Let s(a) be the second derivative of a**4/4 + 4*a**3/3 + 6*a**2 - 4*a. Let h be s(-2). Suppose -456 = 2*n - h*n. What are the prime factors of n?
2, 19
What are the prime factors of (-2)/12 - (-1 + 3)*(-156531)/36?
2, 1087
Let g = 185 - 181. Suppose 2022 = 5*l + g*c, -11*c = -16*c - 10. What are the prime factors of l?
2, 7, 29
Suppose 5*r + 2*y = 89715, -4*r + 83915 = -2*y + 12143. List the prime factors of r.
3, 5981
What are the prime factors of (-7)/((-49)/212325) + (-102)/714?
2, 7583
Let h = -75983 - -137620. What are the prime factors of h?
61637
Let h = -15732 - -18852. List the prime factors of h.
2, 3, 5, 13
Let f be (741/(-273))/(1/(-7)). Suppose 23*v = f*v + 2472. List the prime factors of v.
2, 3, 103
Let l be (-710 - 1) + (-10 + 18 - 12). Let k be -2*1 - (-7545)/(-15). Let b = k - l. List the prime factors of b.
2, 3, 5, 7
Let i = -2128 + 3968. List the prime factors of i.
2, 5, 23
Let u = 320 + -127. Suppose -u = 2*n - 3*h, 4*h = 8*n - 3*n + 472. Let f = n - -251. What are the prime factors of f?
3, 53
Suppose 3*w + 23 = -1. Let h be 1*(-1036)/w*4/(-2). Let b = -118 - h. What are the prime factors of b?
3, 47
Let l be (9 - 85503/(-24)) + 3/8. Suppose -5*s + 12972 = l. List the prime factors of s.
2, 5, 47
Suppose 0 = 3*q - 190 - 77. Suppose -3*c - 24 = -213. Let a = q - c. What are the prime factors of a?
2, 13
Let g = -1245 - -3146. What are the prime factors of g?
1901
Let z(i) = i**3 + 22*i**2 - 49*i - 33. Let l be z(-24). List the prime factors of 2/(((-15